he units digit of w?
7
Let u(y) = -y**3 - y**2 + 64. What is the units digit of u(0)?
4
Let y = -39 - -99. Suppose 4*m = -m + y. What is the tens digit of m?
1
Let w = -66 + 66. Suppose 5*d + 5*p = 2*p + 146, -36 = -d - 4*p. What is the tens digit of (w - 6)/((-8)/d)?
2
Let w be ((-27)/6)/((-1)/12). Suppose -r = 5*b - 25, 2*r - 3*b - w = -2*r. What is the tens digit of r?
1
Let a(l) = l**2 + 9*l + 10. Let r be a(-8). Let v = 1 + r. What is the units digit of v/(-3) + 3*1?
2
Let q be 3/(-2)*(-70)/3. Let j = 40 + -20. Let h = q - j. What is the units digit of h?
5
Suppose 0 = -4*n - i - 7, 2*n - 4*i - 6 = 7*n. What is the units digit of (-1 - n) + 7/1?
8
Suppose -x = 5*x - 174. What is the units digit of x?
9
Suppose 0*y - 83 = -5*j - 2*y, -4*j + 5*y = -73. What is the tens digit of j?
1
Suppose 0 = 5*q - 86 + 26. Suppose -4*d - 71 + q = -3*h, -2*h + 46 = 4*d. Let o = 32 - h. What is the units digit of o?
1
Suppose 3*j - 2*a = 2, a = -2*j + 2*a. What is the units digit of 7 - (-1)/2*j?
6
Let p(s) = s**2 - 4*s - 7. Let b be p(6). Suppose 9 = 5*r + i - b, 5 = 2*r + i. Let q(u) = 7*u - 4. What is the tens digit of q(r)?
1
Let a(c) = c**2 + 3*c + 4. Let o be a(-3). What is the units digit of o/2 + -6 + 8?
4
Suppose -11 = -2*p + 15. Suppose -3*j - 4*l = 2*j + 66, l + p = -j. Let w = -3 - j. What is the units digit of w?
1
Let f be (-6)/14 - (-96)/28. Let b(l) = 3*l - 4. What is the units digit of b(f)?
5
Let c = 51 - 29. What is the units digit of 3 + -5 + c/1?
0
Suppose 0 = -f + 24 - 4. Suppose 4*p - f = -p. What is the units digit of p?
4
Let t = 55 + -30. Let q = 65 + -30. What is the units digit of t/q - (-4)/14?
1
Let v(j) be the second derivative of 0 - 1/2*j**2 + 3*j + 0*j**4 + 0*j**3 - 3/4*j**5. What is the units digit of v(-1)?
4
Suppose -4*p - 20 = -8*p. Suppose -2*k = 2*j - 56, -4*k - 3 - p = 0. What is the units digit of j?
0
Suppose -3*a = 2*m - 227, 5*m + 262 = -0*a + 3*a. What is the units digit of a?
9
Let x(n) = n**3 + 8*n**2 - 8*n - 8. What is the units digit of x(-6)?
2
Let n be 6/(-5)*15/(-6). Let d(v) be the first derivative of 2*v**3/3 - v**2/2 + 3*v + 3. What is the units digit of d(n)?
8
Suppose 6 = -k + 3*k. Suppose -2*j + 3*r - 2*r + 4 = 0, 0 = 5*j - 2*r - 9. Suppose m = -j - 0, k*n + 4*m = 2. What is the units digit of n?
2
Let p = 12 - 6. Let k = p + -3. What is the units digit of k?
3
Let b = -180 - -280. Suppose b = 7*p - 2*p. What is the units digit of p?
0
Let j = -108 + 153. Suppose d + c = -22, -3*d + 4*c = -0*c + 59. What is the units digit of ((-7)/d)/(1/j)?
5
Let l(h) = h**2 + 2*h - 12. Let u be l(-6). Let j = -1 + u. What is the units digit of j?
1
Let s be -8 + 0*(-1 - 0). Let n = s + 13. Let v = 1 + n. What is the units digit of v?
6
Let q(g) = g**2 - g - 14. Let m be q(0). What is the units digit of -2 + (1 + 1 - m)?
4
Let i = 5 - 7. Let x = -1 - i. What is the units digit of (-1 + 0)*-2*x?
2
Let n = -18 + 41. What is the tens digit of n?
2
Suppose -2*l - 2 = 24. Let x(d) = -d**2 - 15*d - 15. What is the tens digit of x(l)?
1
Let s(k) = -k + 3. Suppose 5*d = -3*n - 2, -5*d + 22 = -3*n - 0*n. Let r(f) = -4. Let h(c) = d*r(c) + 3*s(c). What is the units digit of h(-1)?
4
Suppose -3 = -3*o - 12. What is the tens digit of (-45)/(-10)*(-8)/o?
1
Let r(q) = 2*q + 12. What is the units digit of r(18)?
8
Suppose 29*o = 32*o - 201. What is the units digit of o?
7
Suppose 3*c - 3*r - 35 = 340, 4*r = -5*c + 616. What is the hundreds digit of c?
1
Suppose 5*t = -3*t + 112. What is the tens digit of t?
1
Suppose 4*p - u - 70 = -3*u, -2*p = 3*u - 41. What is the units digit of p?
6
Let z(x) = -2*x - 9. Let d be z(-3). Let j(w) = w**3 + 5*w**2. What is the units digit of j(d)?
8
Suppose -o = 3*z - 25, 5*o + 0*z = -z + 55. What is the units digit of o?
0
Suppose -g - 5*l + 18 = 0, 4*g + 2*l = l + 15. What is the units digit of 14 - (g/1 - 6)?
7
What is the tens digit of ((-80)/(-28))/((-4)/(-14))?
1
Suppose 0 = -2*c + u + 2*u + 169, 0 = -5*c - 3*u + 391. What is the tens digit of c?
8
Let m be 0/(-4) + 8/2. Suppose -4*s - 2*t + m = 0, s + 3*s = t + 16. Suppose 3*p = s*d + 15, 0 = -p + d + d + 2. What is the units digit of p?
8
Let s(w) = w**2 + 8*w + 16. What is the tens digit of s(-9)?
2
Suppose -78*o - 236 = -80*o. What is the units digit of o?
8
Let f(q) = -5*q - 8. Suppose 14 = y + 21. What is the tens digit of f(y)?
2
Suppose 6*p = p + 60. Suppose 16 = a - 5*g - 0*g, 5*g + p = -3*a. What is the units digit of a/2 + (-126)/(-12)?
1
What is the units digit of 5/((-25)/(-60)) + -4?
8
What is the units digit of (-11)/(2 - 85/40)?
8
What is the tens digit of 1 + (-1 - -1) - -55?
5
Suppose -2*i + 19 = -27. Suppose 20*z = i*z - 168. What is the tens digit of z?
5
Let h(k) = k**2 - 5*k - 19. What is the units digit of h(11)?
7
Let n be (-6)/(-27) - 68/(-18). Let i(l) = 0 + n*l + 1 - 2. What is the units digit of i(3)?
1
Suppose 0 = 2*x - 3*x - c - 2, -3*x + 8 = -4*c. Suppose x*o + 2*o + 23 = 5*y, -o = 5*y - 11. What is the units digit of y?
3
Suppose -8 = -l - 3*q, -4*l - 3*q = -0*l - 32. Let a = 0 - -2. What is the units digit of (l - 5)/(3/a)?
2
Let f be -7 + 4 - (0 + 0). What is the units digit of (-11)/(-4) + f/4?
2
Let l(k) = 2*k - 4 + 5 - 3*k. Let n be l(1). What is the tens digit of (12 - (4 - 2)) + n?
1
Suppose 19 + 6 = 5*a. Suppose -a*y = 3*t - 20, 0 = 8*t - 4*t. Suppose 5 = r, -4*v + y*r = -5*v + 37. What is the units digit of v?
7
Let x(a) = -2*a + 5 + 2*a - 5*a + a**2. What is the units digit of x(4)?
1
Suppose -11*w - 462 = -13*w. What is the tens digit of w?
3
Suppose 4*k - 3*k + 3*h - 78 = 0, -4*k = -5*h - 227. What is the tens digit of k?
6
Let q(f) be the third derivative of -f**5/60 - f**4/4 + f**3/3 - 8*f**2. What is the units digit of q(-6)?
2
Let q(n) = -11*n + 1. What is the units digit of q(-1)?
2
Suppose 0 = 5*w - z - 2*z + 12, -4*z - 19 = 5*w. Let j = 23 + w. What is the tens digit of j?
2
Let k(f) = 5*f**2 - 4*f + 2. What is the tens digit of k(4)?
6
Suppose -2*x + 10*x = 312. What is the units digit of x?
9
Let s(w) = 1. Let q(z) = -z + 54. Let t(j) = q(j) - 4*s(j). Let a be t(0). Suppose -2*v - 3*v = -a. What is the tens digit of v?
1
Suppose -6*i + 9*i - 75 = 0. What is the tens digit of i?
2
Let v(h) be the second derivative of h**4/12 - 4*h**3/3 + 11*h**2/2 - 4*h. What is the units digit of v(8)?
1
Let m(i) = i - 6. Let l be m(0). Let b = 12 + l. What is the units digit of b?
6
Let j(u) = -u**3 - 9*u**2 - u - 10. Let p be j(-9). Let s be 4/(-18) + 11/9. Let i = s - p. What is the units digit of i?
2
Let x(q) = 57*q**2 - 3. Let i be x(2). Suppose 5*s = -5*j + i, 4*s - 3*j - j = 148. What is the tens digit of s?
4
Let z be 0/3*4/(-8). Suppose 0 = 2*u - 4*u + 10. Suppose u*o + 5*b = 55, 5*o + b + 3*b - 50 = z. What is the units digit of o?
6
Suppose 0 = 5*m + v - 899, -5*m + 6*m + 3*v - 191 = 0. What is the tens digit of m?
7
Suppose -4*p - r = -6*r - 1, -3*r = -9. What is the units digit of 47/p + (-1)/(-4)?
2
Suppose -4*w + 2*k = -68, -5*w + w - 3*k = -48. What is the units digit of w?
5
Suppose 14 = 5*b - 11. Suppose 0 = -b*r + 42 + 3. What is the units digit of r?
9
Let w be 1/(-2)*2*-3. Suppose -o = -3*a - w, 4*o - a = 9 + 14. Suppose -3*d + o*x = x - 46, x - 46 = -4*d. What is the units digit of d?
2
Let t(n) = -n**3 - 7*n**2 - 3*n - 17. What is the units digit of t(-8)?
1
Suppose w = -2*w + 18. Suppose -2*q = -w - 0. Suppose 4*m - 5*i + 6 = -0, 11 = 5*m + q*i. What is the units digit of m?
1
Let v = 3 - 10. Let f = -4 - v. Suppose f*y - 5 = 13. What is the units digit of y?
6
Let a(t) = t**2 - 3*t + 2. What is the tens digit of a(-3)?
2
Let w(o) = 22*o - 1. What is the tens digit of w(1)?
2
Let r = -14 - -14. Suppose -4*w = -3*s + 89, -2*s + 2*w + 2*w + 58 = r. What is the tens digit of s?
3
Suppose 6*c - 5*n = c + 605, -117 = -c + 2*n. What is the hundreds digit of c?
1
Suppose 0 = 23*w - 30*w + 77. Suppose 3*m = 4 + 11. Let t = m + w. What is the tens digit of t?
1
Let q(o) = -o**2 + 4*o + 1. Let p be q(3). Let w(a) = -a**3 + 7*a**2 - 6*a + 6. What is the units digit of w(p)?
0
Let n be ((-76)/3)/(2/(-6)). Let m = n - 53. What is the units digit of m?
3
Let d = 16 + -15. What is the units digit of (3/(-5))/(d/(-15))?
9
Let f be 6/1*1/2. Suppose -b - f*n + 9 = 0, -2*n + 4 = -n. What is the